) + -2)?
-24
Evaluate -8 + (-10 - (1 - 28)) + -7 - 2.
0
23 + 0 - (358 + -340)
5
Calculate (-8 - (0 + 2)) + (-2 + 16 - 8).
-4
What is the value of 3 + -6 + 7 + 21 + -26?
-1
What is -20 - 15 - (-19 - 7)?
-9
Evaluate 14 + 15 + -27 + (-1 - -25).
26
What is the value of 12 + 5 + (-2 - (-5 + 5 - -4))?
11
What is -30 + -7 + 21 - -33?
17
What is -13 + 7 - -14 - -1 - 41?
-32
What is the value of (4 + (2 - 4) - (-116 + 134)) + 6?
-10
Calculate 75 - 34 - 51 - (0 + -13).
3
What is (-1 - 15) + (1 + -2 - (34 + -40))?
-11
What is -5 - (-10 + -1) - 7?
-1
What is the value of -38 + (4 - (2 - (7 - 20))) - -12?
-37
Evaluate (9 - (17 + -1)) + 4 + -6.
-9
(-38 - -35) + -12 + (-2 - -1)
-16
-112 - -113 - (0 - 6) - (-2 + -2)
11
Evaluate 5 + (-2 + 2 - -7 - 6) - 2.
4
What is the value of -10 + (-22 - 2) + 44?
10
Evaluate (-7 - (3 - 6)) + 18 + -6.
8
-30 + 40 + (-2 - 2) + 3
9
Evaluate (5 - -8) + -8 + 1 - -30 - -1.
37
Evaluate -22 - -11 - 21 - -28.
-4
What is the value of -2 + 40 - (411 - 385)?
12
Calculate -12 + 19 + (-26 - -22).
3
(1 - -7) + (13 - 22) + 8
7
Calculate -665 + 666 + -11 + -1 + 2 + -1.
-10
What is the value of (-6 - (-7 + 1 + 7)) + 1?
-6
What is the value of -8 - (10 + -17 + -3)?
2
(-5 - (-7 + (-7 - -11))) + 4 - 29
-27
What is the value of 3 + -15 + -17 + 22?
-7
What is the value of -3 + 8 + -10 + 26 + -17?
4
-5 + (1 + 0 - -5 - (-77 + 85))
-7
What is the value of (0 + -9 - (-1 + -22)) + -2?
12
Evaluate -19 + 13 + -14 + 8.
-12
Evaluate -9 + 6 + -3 + (9 - 9) + -3.
-9
Calculate -186 + 196 + (-5 - (-1 - -2)) - 6.
-2
Calculate 0 - (3 - 33) - (23 - (19 + -5)).
21
What is the value of 47 - 50 - (-2 + 3 - 5)?
1
Evaluate (-8 - -27) + (13 - 20 - (-4 - -2)).
14
What is (-1 - -1) + -28 + 19 + 5 + 2?
-2
Evaluate (62 - 0) + -67 - (8 + 0 - -1).
-14
Evaluate (7 + -16 - (8 + 7) - 3) + 8.
-19
What is (-9 - ((-5 - 10) + -3)) + (0 - 3)?
6
Evaluate 5 + (6 - 10) + -1 + -8 + 5.
-3
(4 - 3) + (-136 - -144)
9
Evaluate 4 + 5 - 9 - 9.
-9
Calculate (17 + -30 - -30) + -1.
16
-13 + 7 + -7 + 0
-13
What is -5 + 2 + (6 - 5)?
-2
0 + -43 + 35 + (14 - 1) + -2
3
What is 7 - ((-7 - -1) + 19)?
-6
Evaluate 9 - (-8 - ((5 - -4) + -7)).
19
Calculate -10 + 29 - 20 - -10.
9
Evaluate (10 - -3) + 9 + -29.
-7
Evaluate -13 - (7 - (-64 + 75 - (6 - -1))).
-16
What is (45 - 44 - (3 + (2 - -2))) + 4?
-2
What is the value of (-2 - -2) + -22 + 30 + -16?
-8
What is the value of (-8 - -8) + -3 + (12 - 8)?
1
-14 - -1 - (-2 + 17 + -13)
-15
Calculate 16 - (-6 - (0 + -10)).
12
Evaluate 1 - 10 - ((1 - -2) + -6) - -14.
8
(12 + -8 - -2) + 3 + -4
5
What is the value of -2 + -4 - (-45 + -1 + -11 + 18)?
33
Evaluate -2 + -50 + 42 + (13 - 0).
3
94 + -82 + 2 + -9
5
What is the value of -2 - (7 + (25 - 60))?
26
What is the value of (16 + -8 - 5) + -12 + 9?
0
What is the value of 6 + -4 + 5 + (-4 - (3 - -13))?
-13
Calculate -9 - (-6 + (-10 - -4) + 4).
-1
What is the value of -21 - -21 - (-3 + -8 - (-3 + 1))?
9
Evaluate -90 + 108 + -5 + -8.
5
What is the value of -2 - (2 + (-2 - -5) + -6 + 1)?
-2
Calculate (-12 - 2 - -5) + (-24 - -2) + 1.
-30
What is the value of 8 - (-10 - (4 + 7 + -47))?
-18
Evaluate 4 + (8 + 0 - 22) - 12.
-22
What is the value of 413 - 379 - (5 + 32)?
-3
Evaluate -4 - (7 + (5 + -6 - -1) + 3).
-14
(1 - 23) + -5 - -21
-6
Calculate (16 + -11 - (4 - -1)) + 1.
1
Evaluate 19 - (89 - 100 - (0 - 16)).
14
What is 23 + -42 + 38 - 0?
19
Evaluate 5 - (3 - 5 - (-3 - 6)).
-2
What is -5 + (-73 - -65) + 19 + 0?
6
-3 + 0 - (102 + -111)
6
What is the value of (-27 - 3) + -90 + 116?
-4
Evaluate -29 - (-25 + -29 + 24).
1
What is (-1 - -13) + (-4 - 2)?
6
-23 + 12 + 16 + -4
1
What is 30 + -58 + 41 + (-12 - 1)?
0
Evaluate 10 + -23 - -8 - (1 + 4).
-10
(-2 - -6) + (-4 - 13 - (10 - -1))
-24
What is the value of 7 + 1 + (-15 - 8 - -14)?
-1
Evaluate 9 + (4 - 18) + (5 - 1 - -12).
11
What is -35 + (9 - (-5 + 4))?
-25
What is -8 - (5 + (0 - 10) + 12)?
-15
Calculate (6 - 1) + -26 + (8 - 6) - -4.
-15
What is the value of (9 - 25) + 8 + (5 - 5)?
-8
(-1 - -2 - 13) + (-4 - (-23 + 14))
-7
What is the value of -9 + (15 + -4 - 12 - 17)?
-27
Evaluate (6 - -5 - 18) + 17 + 0 - -8.
18
What is the value of -45 - (-82 - -54) - (-1 + -42)?
26
What is the value of 4 - ((-3 - 10) + 11 + -7)?
13
1 + -32 - (-138 + 130)
-23
What is the value of (-26 - (-8 + (14 - 14))) + -4?
-22
(128 - 120) + (5 - 1) + (-1 - 27)
-16
What is the value of -125 - (74 - 197) - (19 + (1 - 1))?
-21
-16 + -7 + 14 + -20 - 4
-33
Evaluate -845 + 863 - (27 + 0).
-9
Evaluate 7 + 7 + -25 + 10.
-1
What is (0 - -10) + 67 + -123 + 14?
-32
Calculate -7 + 5 + -6 + -5 + 12.
-1
4 - ((30 - 52) + 41)
-15
What is the value of -8 + 3 + -1 - -6 - 1?
-1
Evaluate (11 + -3 - 6) + -8 + 2.
-4
What is the value of 0 - -1 - (-11 + 7 + 2 + 3)?
0
What is (33 - 62) + (0 - -10) + 0 + 4?
-15
What is -6 - (-7 + 30 - 20)?
-9
What is 13 - 4 - -21 - 23?
7
What is -1067 + 1082 - (25 - 0)?
-10
What is (-8 - (-9 + (3 - -1)) - -3) + -1?
-1
(-7 - -14) + -12 + -1 + -16
-22
What is the value of 11 - (5 + 2 + -1) - (-40 + 36)?
9
(29 - 1) + -25 - -18
21
What is 1 + -13 - (-1 - 22)?
11
-6 - (8 - (8 - -14 - -1))
9
Calculate (6 - (1 + -8)) + -13.
0
Calculate -6 - (1 - 15) - (0 + 19).
-11
What is -25 + 16 + -6 + 13?
-2
Calculate (3 - 9) + -21 + -6 + 21.
-12
Evaluate 1 + (-12 - 5) + 21.
5
What is the value of (-19 - (-24 + 12)) + -5?
-12
Calculate (14 - 25) + (4 - -7).
0
What is (-7 - (-8 + -6)) + -16 - -40?
31
-4 + -4 - ((15 - 15) + -15 + 36)
-29
-25 + (7 - -6) + -8 + 9
-11
Calculate 12 + (40 - (26 + 19) - (-12 + 0)).
19
(35 - 28) + -1 + 11 + (20 - 24)
13
13 + (-30 + -2 - -5)
-14
What is the value of (24 - (10 - (7 + -7))) + 1 + -1?
14
What is the value of 24 + (-31 - (8 - 15))?
0
What is 2 + 16 - 27 - 0?
-9
What is the value of 25 - (15 - (-26 - 4))?
-20
What is the value of (-2 - -3) + 6 + 1 + (1 - -1)?
10
What is (-20 - -8) + (12 - (-16 - -23))?
-7
(4 - 5) + -8 - -14
5
What is the value of -48 + 99 - 76 - (2 + -11)?
-16
39 - ((34 - -4) + 0)
1
Calculate 1 - 5 - (30 - 12).
-22
(-10 - -47) + -22 + 16
31
(-3 - 1) + -5 + 9 - -4
4
-5 + (7 + -29 - -25)
-2
What is the value of (-9 - -4) + -6 + 4 + 17 - -1?
11
Calculate -1 + 4 + (17 - 26).
-6
What is 11 - (-1 + 6 + -14 + 35 + -13)?
-2
-6 - (-5 - -6) - (-2 - (-9 + 5))
-9
What is (0 - (-3 - 9 - 4)) + -14?
2
Calculate 5 + 7 + (-1 + 3 - (11 + -8)).
11
What is the value of (-710 - -696) + (1 - -10)?
-3
Evaluate 0 + (7 - 0) - (5 - -64 - 47).
-15
9 + (0 - 4) + (-9 - 3) + 11
4
What is the value of 1 + 46 - (-1294 - -1349)?
-8
What is 11 + -9 + 10 + -22 + 2?
-8
What is the value of 5 + 1 - (11 + 7 + -12) - -2?
2
-1 - ((-4 + -5 - -7) + -2)
3
-7 + -5 - -28 - 20
-4
What is the value of 14 - (-8 - (13 - (0 + 12)))?
23
Evaluate (16 - 55) + -23 - -33.
-29
What is the value of -3 + 38 + -69 + 2?
-32
What is -19 - ((-23 - (-1 + -13)) + -9)?
-1
Calculate (4 - 9 - (9 - 13)) + -7 - -12.
4
What is the value of 16 + -7 - (-4 + (18 - 10))?
5
What is the value of (32 + -25 - -12) + (-12 - 1)?
6
Calculate -2 + 8 + -10 + (3 + -1 - -9).
7
(-4 - -5 - 10) + (-10 - (-16 - -1))
-4
-16 + (-5 - (-3 - 0) - -5)
-13
(4 + -8 - 3) + 10 + 3 - -21
27
What is the value of 15 - -1 - 4 - (-58 + 30 + 5)?
35
What is 2 - (5 + 18 + -35)?
14
What is 29 + -22 + (-2 + -24 - -1) + 4?
-14
-1 - -1 - (-11 - (1 + -13))
-1
What is 4 + (-4 - -3) + -8 + (-21 - -19)?
-7
Calculate 4 - 20 - (-8 + -11 + 14).
-11
(5 - (-10 + 3)) + (4 - 26)
-10
What is 0 + (0 + 7 - (-1 + 0))?
8
Calculate (6 + 0 + 10 - -3 - -4) + -3.
20
Evaluate 7 + 4 + (-4 - -1 - 6) + 3.
5
What is 18 + -21 + -5 + -14?
-22
Evaluate (7 - -21) + 1 + (-3 - -11) + -1.
36
Evaluate -37 - (-58 + 28 + -9).
2
Calculate -5 + (12 - 13) + 0 + -1.
-7
Calculate 3 + (7 - 27 - 0).
-17
Calculate 8 - ((105 - 119) + (6 - 0) - -8).
8
What is 258 + -246 + -5 + -1?
6
Evaluate (-8 - 2) + 16 + -1 - 9.
-4
Calculate 16 + 11 + -5 - 12 - 18.
-8
Calculate -1 - -10 - 2 - (14 - -1).
-8
Evaluate 0 - (-7 - 0 - (18 + -23)).
2
(-9 + -19 - -20) + (-1 - -6)
-3
-13 + -11 + 20 + 18
14
(23 - 15) + -17 + 0 + 2
-7
Evaluate (-1 - 12) + -1 + 10.
-4
Calculate -18 - (-1 + -19 + 18 - (6 - 1)).
-11
What is the value of (-23 - -8 - -8) + -2 + 13 + -14?
-10
What is the value of 7 - 24 - (-47 - -12)?
18
Calculate (-4 + 7 - 2) + -13 - (3 + 5).
-20
Calculate (1 - -4) + -35 + 38 + -6.
2
What is 1240 + -1228 + -25 + 1 + -1?
-13
Eval